e hundred thousands digit of 1095349?
0
What is the tens digit of 4489868?
6
What is the hundreds digit of 12788984?
9
What is the ten thousands digit of 416574?
1
What is the units digit of 39222?
2
What is the hundred thousands digit of 270027?
2
What is the thousands digit of 19188154?
8
What is the ten thousands digit of 638361?
3
What is the units digit of 28528?
8
What is the millions digit of 6491269?
6
What is the units digit of 46799?
9
What is the hundred thousands digit of 4514802?
5
What is the ten thousands digit of 671738?
7
What is the millions digit of 1110875?
1
What is the ten millions digit of 12061966?
1
What is the units digit of 2062579?
9
What is the ten millions digit of 10735015?
1
What is the thousands digit of 548621?
8
What is the hundreds digit of 500351?
3
What is the units digit of 516192?
2
What is the units digit of 1564727?
7
What is the tens digit of 461685?
8
What is the tens digit of 532531?
3
What is the thousands digit of 618936?
8
What is the thousands digit of 112681?
2
What is the units digit of 3895188?
8
What is the tens digit of 250433?
3
What is the units digit of 83288?
8
What is the ten thousands digit of 16344366?
4
What is the thousands digit of 10740471?
0
What is the tens digit of 186588?
8
What is the ten thousands digit of 59245?
5
What is the hundred thousands digit of 7277164?
2
What is the units digit of 23925956?
6
What is the hundreds digit of 712418?
4
What is the ten millions digit of 19386393?
1
What is the millions digit of 5375918?
5
What is the tens digit of 39840?
4
What is the ten thousands digit of 217292?
1
What is the ten thousands digit of 220731?
2
What is the hundred thousands digit of 13809531?
8
What is the hundreds digit of 28670?
6
What is the hundreds digit of 603696?
6
What is the ten millions digit of 16175555?
1
What is the tens digit of 264501?
0
What is the units digit of 600748?
8
What is the units digit of 55562?
2
What is the units digit of 174270?
0
What is the hundreds digit of 1401520?
5
What is the tens digit of 11457973?
7
What is the units digit of 153570?
0
What is the tens digit of 48263?
6
What is the hundreds digit of 29079832?
8
What is the tens digit of 1066699?
9
What is the millions digit of 3611747?
3
What is the millions digit of 1132119?
1
What is the units digit of 1058353?
3
What is the ten thousands digit of 3208791?
0
What is the ten thousands digit of 1868721?
6
What is the units digit of 1317010?
0
What is the ten thousands digit of 419922?
1
What is the ten thousands digit of 1322968?
2
What is the tens digit of 86565?
6
What is the units digit of 1283667?
7
What is the thousands digit of 2283672?
3
What is the hundreds digit of 4039848?
8
What is the units digit of 339743?
3
What is the ten thousands digit of 559061?
5
What is the hundred thousands digit of 252499?
2
What is the units digit of 2253712?
2
What is the tens digit of 4039313?
1
What is the ten millions digit of 10509986?
1
What is the units digit of 72368?
8
What is the ten thousands digit of 10576456?
7
What is the ten thousands digit of 626907?
2
What is the hundred thousands digit of 236351?
2
What is the units digit of 607175?
5
What is the ten thousands digit of 1897523?
9
What is the tens digit of 133730?
3
What is the hundreds digit of 3104649?
6
What is the thousands digit of 6327107?
7
What is the hundreds digit of 7965050?
0
What is the thousands digit of 225217?
5
What is the units digit of 12509817?
7
What is the ten thousands digit of 417461?
1
What is the hundreds digit of 97243?
2
What is the hundred thousands digit of 2403302?
4
What is the hundreds digit of 170677?
6
What is the hundreds digit of 1930684?
6
What is the hundreds digit of 321690?
6
What is the ten thousands digit of 2364096?
6
What is the units digit of 3238915?
5
What is the hundreds digit of 387735?
7
What is the thousands digit of 154452?
4
What is the ten thousands digit of 724339?
2
What is the units digit of 51836?
6
What is the tens digit of 416698?
9
What is the ten millions digit of 27772957?
2
What is the hundreds digit of 299150?
1
What is the tens digit of 21573213?
1
What is the hundreds digit of 300218?
2
What is the tens digit of 263641?
4
What is the tens digit of 3990863?
6
What is the hundred thousands digit of 10823166?
8
What is the millions digit of 11645146?
1
What is the hundred thousands digit of 306593?
3
What is the hundred thousands digit of 1415544?
4
What is the units digit of 2915972?
2
What is the units digit of 97616?
6
What is the hundreds digit of 700640?
6
What is the thousands digit of 131591?
1
What is the hundred thousands digit of 4088595?
0
What is the thousands digit of 353627?
3
What is the tens digit of 2203858?
5
What is the tens digit of 1151389?
8
What is the ten thousands digit of 385985?
8
What is the thousands digit of 219848?
9
What is the thousands digit of 3217686?
7
What is the units digit of 6156567?
7
What is the hundreds digit of 34699?
6
What is the thousands digit of 959976?
9
What is the hundreds digit of 726596?
5
What is the hundreds digit of 1669495?
4
What is the hundred thousands digit of 313699?
3
What is the millions digit of 12619601?
2
What is the hundred thousands digit of 5833947?
8
What is the units digit of 28666?
6
What is the hundreds digit of 21687444?
4
What is the units digit of 616591?
1
What is the ten thousands digit of 330561?
3
What is the hundred thousands digit of 4860272?
8
What is the millions digit of 27313525?
7
What is the thousands digit of 20323070?
3
What is the ten thousands digit of 9488769?
8
What is the thousands digit of 11693286?
3
What is the thousands digit of 4515234?
5
What is the thousands digit of 10831778?
1
What is the ten thousands digit of 14631?
1
What is the hundreds digit of 1877?
8
What is the hundreds digit of 2451296?
2
What is the units digit of 9725947?
7
What is the ten thousands digit of 2870819?
7
What is the thousands digit of 1401034?
1
What is the thousands digit of 261745?
1
What is the hundred thousands digit of 12686428?
6
What is the units digit of 352493?
3
What is the ten thousands digit of 114248?
1
What is the hundred thousands digit of 118013?
1
What is the thousands digit of 1107275?
7
What is the units digit of 535707?
7
What is the tens digit of 22489919?
1
What is the tens digit of 510272?
7
What is the units digit of 250715?
5
What is the ten thousands digit of 3704332?
0
What is the thousands digit of 30094?
0
What is the ten thousands digit of 168495?
6
What is the tens digit of 5071?
7
What is the thousands digit of 364157?
4
What is the units digit of 4318821?
1
What is the hundreds digit of 1141?
1
What is the ten thousands digit of 2378780?
7
What is the units digit of 710070?
0
What is the millions digit of 3305515?
3
What is the tens digit of 1634162?
6
What is the tens digit of 1517305?
0
What is the thousands digit of 8427901?
7
What is the thousands digit of 568899?
8
What is the hundred thousands digit of 461382?
4
What is the hundred thousands digit of 580604?
5
What is the ten thousands digit of 614353?
1
What is the hundreds digit of 231091?
0
What is the ten thousands digit of 104270?
0
What is the ten thousands digit of 1144715?
4
What is the hundred thousands digit of 199275?
1
What is the units digit of 346598?
8
What is the ten thousands digit of 546024?
4
What is the hundred thousands digit of 5323409?
3
What is the tens digit of 1411886?
8
What is the hundreds digit of 439897?
8
What is the ten millions digit of 19253006?
1
What is the hundreds digit of 941070?
0
What is the hundred thousands digit of 2186611?
1
What is the ten thousands digit of 7224480?
2
What is the hundred thousands digit of 152133?
1
What is the thousands digit of 2322913?
2
What is the hundred thousands digit of 404280?
4
What is the thousands digit of 400681?
0
What is the ten thousands digit of 41887?
4
What is the units digit of 2458154?
4
What is the hundred thousands digit of 8865354?
8
What is the tens digit of 362512?
1
What is the hundreds digit of 194072?
0
What is the tens digit of 30460552?
5
What is the thousands digit of 5462605?
2
What is the tens digit of 88250?
5
What is the thousands digit of 7277803?
7
What is the hundred thousands digit of